{"id":2506,"date":"2024-11-28T22:03:42","date_gmt":"2024-11-28T21:03:42","guid":{"rendered":"https:\/\/agenciaviiza.com\/?post_type=product&#038;p=2506"},"modified":"2024-11-29T20:25:44","modified_gmt":"2024-11-29T19:25:44","slug":"carnavales-2025-en-punta-cana-te-espera","status":"publish","type":"product","link":"https:\/\/agenciaviiza.com\/?product=carnavales-2025-en-punta-cana-te-espera","title":{"rendered":"Carnavales 2025 en Punta Cana te Espera!"},"content":{"rendered":"<p><strong> Disfruta del para\u00edso en Punta Cana con todo incluido <\/strong><br \/> Vive unas vacaciones inolvidables en las playas m\u00e1s hermosas del Caribe, donde el sol, la arena y la diversi\u00f3n te esperan<\/p>\n<p>Itinerario:<br \/>&#8211; Punta Cana<br \/>Incluye:<br \/>-Boleto a\u00e9reo en la ruta Quito \u2013 Punta Cana \u2013 Quito<br \/>-Equipaje permitido:<br \/>-1 maleta de 23 kg en bodega<br \/>-Equipaje de mano de 10 kg<br \/>-Art\u00edculo personal (cartera)<br \/>-Traslados Aeropuerto \u2013 Hotel \u2013 Aeropuerto Punta Cana<br \/>-4 noches de alojamiento en el Hotel Occidental Caribe (habitaci\u00f3n est\u00e1ndar)<br \/>-Sistema ALL INCLUSIVE<br \/>-Desayunos, almuerzos y cenas tipo buffet<br \/>-Bebidas soft y alcoh\u00f3licas nacionales ILIMITADAS<br \/>-Snacks y bocadillos sin l\u00edmite<br \/>-Casino<br \/>-Club nocturno<br \/>-Impuestos a\u00e9reos y hoteleros<br \/>-Tasas aeroportuarias Ecuador \u2013 Rep\u00fablica Dominicana<br \/>-Seguro de asistencia de viaje<\/p>\n<p><\/p>\n","protected":false},"excerpt":{"rendered":"<p>Disfruta del para\u00edso en Punta Cana con todo incluido Vive unas vacaciones inolvidables en las playas m\u00e1s hermosas del Caribe, donde el sol, la arena y la diversi\u00f3n te esperan Itinerario:&#8211; Punta CanaIncluye:-Boleto a\u00e9reo en la ruta Quito \u2013 Punta Cana \u2013 Quito-Equipaje permitido:-1 maleta de 23 kg en bodega-Equipaje de mano de 10 kg-Art\u00edculo [&hellip;]<\/p>\n","protected":false},"featured_media":2533,"comment_status":"open","ping_status":"closed","template":"","meta":{"_glsr_average":0,"_glsr_ranking":0,"_glsr_reviews":0},"product_cat":[26],"product_tag":[],"class_list":{"0":"post-2506","1":"product","2":"type-product","3":"status-publish","4":"has-post-thumbnail","6":"product_cat-caribe","8":"first","9":"instock","10":"shipping-taxable","11":"product-type-external"},"aioseo_notices":[],"_links":{"self":[{"href":"https:\/\/agenciaviiza.com\/index.php?rest_route=\/wp\/v2\/product\/2506","targetHints":{"allow":["GET"]}}],"collection":[{"href":"https:\/\/agenciaviiza.com\/index.php?rest_route=\/wp\/v2\/product"}],"about":[{"href":"https:\/\/agenciaviiza.com\/index.php?rest_route=\/wp\/v2\/types\/product"}],"replies":[{"embeddable":true,"href":"https:\/\/agenciaviiza.com\/index.php?rest_route=%2Fwp%2Fv2%2Fcomments&post=2506"}],"wp:featuredmedia":[{"embeddable":true,"href":"https:\/\/agenciaviiza.com\/index.php?rest_route=\/wp\/v2\/media\/2533"}],"wp:attachment":[{"href":"https:\/\/agenciaviiza.com\/index.php?rest_route=%2Fwp%2Fv2%2Fmedia&parent=2506"}],"wp:term":[{"taxonomy":"product_cat","embeddable":true,"href":"https:\/\/agenciaviiza.com\/index.php?rest_route=%2Fwp%2Fv2%2Fproduct_cat&post=2506"},{"taxonomy":"product_tag","embeddable":true,"href":"https:\/\/agenciaviiza.com\/index.php?rest_route=%2Fwp%2Fv2%2Fproduct_tag&post=2506"}],"curies":[{"name":"wp","href":"https:\/\/api.w.org\/{rel}","templated":true}]}}