{"id":2504,"date":"2024-11-28T21:31:46","date_gmt":"2024-11-28T20:31:46","guid":{"rendered":"https:\/\/agenciaviiza.com\/?post_type=product&#038;p=2504"},"modified":"2024-11-29T20:23:21","modified_gmt":"2024-11-29T19:23:21","slug":"viaja-a-los-santuarios-marianos-de-europa","status":"publish","type":"product","link":"https:\/\/agenciaviiza.com\/?product=viaja-a-los-santuarios-marianos-de-europa","title":{"rendered":"Viaja a Los Santuarios Marianos de Europa"},"content":{"rendered":"<p><strong>Conoce los principales santuarios marianos de Europa<\/strong><br \/>Emb\u00e1rcate en un viaje espiritual y cultural por los lugares m\u00e1s emblem\u00e1ticos de la fe cristiana.<\/p>\n<p><strong>Itinerario:<\/strong><br \/>Par\u00eds<br \/>Lourdes<br \/>Santuario de Meritxell (Andorra)<br \/>Zaragoza<br \/>Burgos<br \/>Cangas de On\u00eds<br \/>Covadonga<br \/>Oviedo<br \/>Santiago de Compostela<br \/>Valen\u00e7a<br \/>Braga<br \/>F\u00e1tima<br \/>Nazar\u00e9<br \/>Santar\u00e9m<br \/>Lisboa<br \/><strong>Incluye:<\/strong><br \/>&#8211; Boleto a\u00e9reo con los siguientes vuelos:<br \/>IB 138: Quito (UIO) &#8211; Madrid (MAD)<br \/>IB 589: Madrid (MAD) &#8211; Par\u00eds (CDG)<br \/>IB 530: Lisboa (LIS) &#8211; Madrid (MAD)<br \/>IB 137: Madrid (MAD) &#8211; Quito (UIO)<br \/>&#8211; Equipaje permitido:<br \/>1 maleta de 23 kg en bodega.<br \/>Equipaje de mano de 10 kg.<br \/>Art\u00edculo personal (cartera).<br \/>&#8211; Traslados de llegada y salida.<br \/>&#8211; Estancia en los hoteles mencionados.<br \/>&#8211; 12 desayunos incluidos.<br \/>&#8211; Circuito en autob\u00fas de turismo.<br \/>&#8211; Gu\u00eda biling\u00fce (espa\u00f1ol y portugu\u00e9s) durante todo el circuito.<br \/>&#8211; Visitas guiadas en:<br \/>Par\u00eds, Santiago de Compostela y Lisboa.<br \/>&#8211; Auriculares para mayor comodidad en las visitas.<br \/>&#8211; Viaje en tren TGV entre Par\u00eds y Lourdes.<br \/>&#8211; Entradas a museos y monumentos seg\u00fan el itinerario, como:<br \/>Capilla de Nuestra Se\u00f1ora de la Medalla Milagrosa.<br \/>Santuario de Lourdes.<br \/>Bas\u00edlica de la Virgen del Pilar.<br \/>Catedral de Santiago de Compostela.<br \/>Santuario de F\u00e1tima, entre otros.<br \/>&#8211; Subida al Santuario de Bom Jesus en Braga en telef\u00e9rico accionado por agua.<br \/>&#8211; Servicio de maleteros (sujeto a disponibilidad).<\/p>\n","protected":false},"excerpt":{"rendered":"<p>Conoce los principales santuarios marianos de EuropaEmb\u00e1rcate en un viaje espiritual y cultural por los lugares m\u00e1s emblem\u00e1ticos de la fe cristiana. Itinerario:Par\u00edsLourdesSantuario de Meritxell (Andorra)ZaragozaBurgosCangas de On\u00edsCovadongaOviedoSantiago de CompostelaValen\u00e7aBragaF\u00e1timaNazar\u00e9Santar\u00e9mLisboaIncluye:&#8211; Boleto a\u00e9reo con los siguientes vuelos:IB 138: Quito (UIO) &#8211; Madrid (MAD)IB 589: Madrid (MAD) &#8211; Par\u00eds (CDG)IB 530: Lisboa (LIS) &#8211; Madrid (MAD)IB 137: [&hellip;]<\/p>\n","protected":false},"featured_media":2535,"comment_status":"open","ping_status":"closed","template":"","meta":{"_glsr_average":0,"_glsr_ranking":0,"_glsr_reviews":0},"product_cat":[30],"product_tag":[],"class_list":{"0":"post-2504","1":"product","2":"type-product","3":"status-publish","4":"has-post-thumbnail","6":"product_cat-europa","8":"first","9":"instock","10":"shipping-taxable","11":"product-type-external"},"aioseo_notices":[],"_links":{"self":[{"href":"https:\/\/agenciaviiza.com\/index.php?rest_route=\/wp\/v2\/product\/2504","targetHints":{"allow":["GET"]}}],"collection":[{"href":"https:\/\/agenciaviiza.com\/index.php?rest_route=\/wp\/v2\/product"}],"about":[{"href":"https:\/\/agenciaviiza.com\/index.php?rest_route=\/wp\/v2\/types\/product"}],"replies":[{"embeddable":true,"href":"https:\/\/agenciaviiza.com\/index.php?rest_route=%2Fwp%2Fv2%2Fcomments&post=2504"}],"wp:featuredmedia":[{"embeddable":true,"href":"https:\/\/agenciaviiza.com\/index.php?rest_route=\/wp\/v2\/media\/2535"}],"wp:attachment":[{"href":"https:\/\/agenciaviiza.com\/index.php?rest_route=%2Fwp%2Fv2%2Fmedia&parent=2504"}],"wp:term":[{"taxonomy":"product_cat","embeddable":true,"href":"https:\/\/agenciaviiza.com\/index.php?rest_route=%2Fwp%2Fv2%2Fproduct_cat&post=2504"},{"taxonomy":"product_tag","embeddable":true,"href":"https:\/\/agenciaviiza.com\/index.php?rest_route=%2Fwp%2Fv2%2Fproduct_tag&post=2504"}],"curies":[{"name":"wp","href":"https:\/\/api.w.org\/{rel}","templated":true}]}}