{"id":1491,"date":"2024-06-06T23:17:16","date_gmt":"2024-06-06T21:17:16","guid":{"rendered":"https:\/\/agenciaviiza.com\/?post_type=product&#038;p=1491"},"modified":"2024-06-06T23:48:16","modified_gmt":"2024-06-06T21:48:16","slug":"lima-y-las-dunas-4-dias-3-noches","status":"publish","type":"product","link":"https:\/\/agenciaviiza.com\/?product=lima-y-las-dunas-4-dias-3-noches","title":{"rendered":"LIMA Y LAS DUNAS 4 DIAS 3 NOCHES"},"content":{"rendered":"<p><span id=\"docs-internal-guid-bd82340c-7fff-4167-0b2e-3aeaa73c10ce\"><\/p>\n<p dir=\"ltr\" style=\"line-height:1.2;margin-top:0pt;margin-bottom:0pt\">Visita Per\u00fa, y esc\u00e1pate a una aventura extraordinaria por las Dunas de este pa\u00eds azteca en un programa todo incluido!<\/p>\n<p><\/span><br \/><strong>INCLUYE:<br \/><\/strong><br \/>&#8211;<strong>Boleto a\u00e9reo desde GYE reservando en clase W o desde UIO en clase S. <\/strong>Impuestos a\u00e9reos sujetos a cambios sin previo aviso a\u00fan con la clase anteriormente mencionada.<br \/>-Traslado de llegada y salida en cada ciudad en servicio privado.<br \/>&#8211;<strong>01 (UNA) noche de alojamiento en LIMA en hotel seleccionado con desayuno.<\/strong><br \/>-City tour Lima Colonial y Moderna.<br \/>-Ticket de ingreso al Museo de San Francisco.<br \/>-Ticket de bus Lima \u2013 Ica \u2013 Lima v\u00eda Cruz del Sur (segundo nivel).<br \/>&#8211;<strong>02 (DOS) noches de alojamiento en ICA en hotel seleccionado.<\/strong><br \/>-Desayunos diarios.<br \/>-City tour Ica + Museo Regional.<br \/>-Buggies + Sandboarding.<br \/>-Degustaci\u00f3n de vinos y piscos.<br \/>-Gu\u00eda en espa\u00f1ol.<br \/>-Tarjeta de asistencia cobertura Covid-19.<br \/>&#8211;<strong>GRATIS asistencia m\u00e9dica virtual.<\/strong><br \/>&#8211;<strong>INCLUYE SOLO UN (01) ART\u00cdCULO PERSONAL*.<\/strong><br \/>-Tasas e impuestos a\u00e9reos.<br \/>-Impuestos hoteleros.<br \/>-Impuestos ecuatorianos.<span id=\"docs-internal-guid-bd82340c-7fff-4167-0b2e-3aeaa73c10ce\"><\/p>\n<p dir=\"ltr\" style=\"line-height:1.2;margin-top:0pt;margin-bottom:0pt\">\n<p dir=\"ltr\" style=\"line-height:1.2;margin-top:0pt;margin-bottom:0pt\">\n<p dir=\"ltr\" style=\"line-height:1.2;margin-top:0pt;margin-bottom:0pt\">\n<p><\/span><\/p>\n","protected":false},"excerpt":{"rendered":"<p>Visita Per\u00fa, y esc\u00e1pate a una aventura extraordinaria por las Dunas de este pa\u00eds azteca en un programa todo incluido! INCLUYE:&#8211;Boleto a\u00e9reo desde GYE reservando en clase W o desde UIO en clase S. Impuestos a\u00e9reos sujetos a cambios sin previo aviso a\u00fan con la clase anteriormente mencionada.-Traslado de llegada y salida en cada ciudad [&hellip;]<\/p>\n","protected":false},"featured_media":1474,"comment_status":"open","ping_status":"closed","template":"","meta":{"_glsr_average":0,"_glsr_ranking":0,"_glsr_reviews":0},"product_cat":[29],"product_tag":[],"class_list":{"0":"post-1491","1":"product","2":"type-product","3":"status-publish","4":"has-post-thumbnail","6":"product_cat-latinoamerica","8":"first","9":"instock","10":"sale","11":"shipping-taxable","12":"purchasable","13":"product-type-simple"},"aioseo_notices":[],"_links":{"self":[{"href":"https:\/\/agenciaviiza.com\/index.php?rest_route=\/wp\/v2\/product\/1491","targetHints":{"allow":["GET"]}}],"collection":[{"href":"https:\/\/agenciaviiza.com\/index.php?rest_route=\/wp\/v2\/product"}],"about":[{"href":"https:\/\/agenciaviiza.com\/index.php?rest_route=\/wp\/v2\/types\/product"}],"replies":[{"embeddable":true,"href":"https:\/\/agenciaviiza.com\/index.php?rest_route=%2Fwp%2Fv2%2Fcomments&post=1491"}],"wp:featuredmedia":[{"embeddable":true,"href":"https:\/\/agenciaviiza.com\/index.php?rest_route=\/wp\/v2\/media\/1474"}],"wp:attachment":[{"href":"https:\/\/agenciaviiza.com\/index.php?rest_route=%2Fwp%2Fv2%2Fmedia&parent=1491"}],"wp:term":[{"taxonomy":"product_cat","embeddable":true,"href":"https:\/\/agenciaviiza.com\/index.php?rest_route=%2Fwp%2Fv2%2Fproduct_cat&post=1491"},{"taxonomy":"product_tag","embeddable":true,"href":"https:\/\/agenciaviiza.com\/index.php?rest_route=%2Fwp%2Fv2%2Fproduct_tag&post=1491"}],"curies":[{"name":"wp","href":"https:\/\/api.w.org\/{rel}","templated":true}]}}