{"id":1460,"date":"2024-06-06T21:26:06","date_gmt":"2024-06-06T19:26:06","guid":{"rendered":"https:\/\/agenciaviiza.com\/?post_type=product&#038;p=1460"},"modified":"2024-06-06T23:51:32","modified_gmt":"2024-06-06T21:51:32","slug":"grand-oasis-tulum-riviera-4-dias-3-noches","status":"publish","type":"product","link":"https:\/\/agenciaviiza.com\/?product=grand-oasis-tulum-riviera-4-dias-3-noches","title":{"rendered":"GRAND OASIS TULUM RIVIERA 4 DIAS &#8211; 3 NOCHES"},"content":{"rendered":"<p><strong>PROGRAMA INCLUYE<\/strong>:<br \/>-Boleto A\u00e9reo UIO \u2013 PTY \u2013 TQO \u2013 PTY \u2013 UIO v\u00eda Copa Airlines (incluye maleta de mano 10kg).<br \/>-Traslado aeropuerto TQO \u2013 Hotel \u2013 aeropuerto TQO en servicio compartido.<br \/>-03 noches de Alojamiento en el hotel <strong><em>GRAND OASIS TULUM RIVIERA.<\/em><\/strong><br \/>-Sistema de alimentaci\u00f3n todo incluido.<br \/>&#8211;<strong>Habitaci\u00f3n Est\u00e1ndar.<\/strong><br \/>-Participaci\u00f3n en actividades y entretenimiento del hotel.\u00a0\u00a0\u00a0\u00a0\u00a0\u00a0\u00a0\u00a0\u00a0\u00a0\u00a0\u00a0\u00a0\u00a0\u00a0\u00a0\u00a0\u00a0\u00a0\u00a0\u00a0\u00a0\u00a0\u00a0\u00a0\u00a0\u00a0\u00a0\u00a0\u00a0\u00a0\u00a0\u00a0\u00a0\u00a0\u00a0\u00a0\u00a0\u00a0\u00a0\u00a0\u00a0\u00a0\u00a0\u00a0\u00a0<br \/>-Seguro de asistencia Assist Card por 4 d\u00edas (s\u00f3lo aplica para ecuatorianos. Suplemento para mayores de 70 a\u00f1os)<br \/>-Impuestos Hoteleros.<br \/>-IVA e impuestos de Ecuador.<br \/><strong>** PROMOCI\u00d3N PRIMER y SEGUNDO NI\u00d1O se hospedan \u00a1GRATIS! (acompa\u00f1ado de dos adultos pagados). Deben pagar boleto + traslados + seguro de viaje. Por favor PREGUNTAR TARIFA A SU AGENTE DE VIAJES.<\/strong><br \/>\u00a0<\/p>\n","protected":false},"excerpt":{"rendered":"<p>PROGRAMA INCLUYE:-Boleto A\u00e9reo UIO \u2013 PTY \u2013 TQO \u2013 PTY \u2013 UIO v\u00eda Copa Airlines (incluye maleta de mano 10kg).-Traslado aeropuerto TQO \u2013 Hotel \u2013 aeropuerto TQO en servicio compartido.-03 noches de Alojamiento en el hotel GRAND OASIS TULUM RIVIERA.-Sistema de alimentaci\u00f3n todo incluido.&#8211;Habitaci\u00f3n Est\u00e1ndar.-Participaci\u00f3n en actividades y entretenimiento del hotel.\u00a0\u00a0\u00a0\u00a0\u00a0\u00a0\u00a0\u00a0\u00a0\u00a0\u00a0\u00a0\u00a0\u00a0\u00a0\u00a0\u00a0\u00a0\u00a0\u00a0\u00a0\u00a0\u00a0\u00a0\u00a0\u00a0\u00a0\u00a0\u00a0\u00a0\u00a0\u00a0\u00a0\u00a0\u00a0\u00a0\u00a0\u00a0\u00a0\u00a0\u00a0\u00a0\u00a0\u00a0\u00a0\u00a0-Seguro de asistencia Assist Card [&hellip;]<\/p>\n","protected":false},"featured_media":1507,"comment_status":"open","ping_status":"closed","template":"","meta":{"_glsr_average":0,"_glsr_ranking":0,"_glsr_reviews":0},"product_cat":[26],"product_tag":[],"class_list":{"0":"post-1460","1":"product","2":"type-product","3":"status-publish","4":"has-post-thumbnail","6":"product_cat-caribe","8":"first","9":"instock","10":"sale","11":"shipping-taxable","12":"purchasable","13":"product-type-simple"},"aioseo_notices":[],"_links":{"self":[{"href":"https:\/\/agenciaviiza.com\/index.php?rest_route=\/wp\/v2\/product\/1460","targetHints":{"allow":["GET"]}}],"collection":[{"href":"https:\/\/agenciaviiza.com\/index.php?rest_route=\/wp\/v2\/product"}],"about":[{"href":"https:\/\/agenciaviiza.com\/index.php?rest_route=\/wp\/v2\/types\/product"}],"replies":[{"embeddable":true,"href":"https:\/\/agenciaviiza.com\/index.php?rest_route=%2Fwp%2Fv2%2Fcomments&post=1460"}],"wp:featuredmedia":[{"embeddable":true,"href":"https:\/\/agenciaviiza.com\/index.php?rest_route=\/wp\/v2\/media\/1507"}],"wp:attachment":[{"href":"https:\/\/agenciaviiza.com\/index.php?rest_route=%2Fwp%2Fv2%2Fmedia&parent=1460"}],"wp:term":[{"taxonomy":"product_cat","embeddable":true,"href":"https:\/\/agenciaviiza.com\/index.php?rest_route=%2Fwp%2Fv2%2Fproduct_cat&post=1460"},{"taxonomy":"product_tag","embeddable":true,"href":"https:\/\/agenciaviiza.com\/index.php?rest_route=%2Fwp%2Fv2%2Fproduct_tag&post=1460"}],"curies":[{"name":"wp","href":"https:\/\/api.w.org\/{rel}","templated":true}]}}